hen 21 is divided by r?
9
Suppose 4*f = 3*l + 23, -2*f + 0*f = -3*l - 7. What is the remainder when 12 is divided by f?
4
Let g(f) = -5*f + 121. What is the remainder when g(24) is divided by -1 - (-4 + 1 + 1)?
0
Let u(y) = y**3 + 10*y**2 + 2*y + 1. Let m be u(-7). Let x = -93 + m. What is the remainder when x is divided by 21?
20
Suppose -2*m = -4*p + 2*m + 12, 5*p - 2*m = 0. Let f be p/(0 + 6/(-153)). Suppose -t - f = -4*t. Calculate the remainder when 32 is divided by t.
15
Let t = 137 + -114. Let i(c) be the third derivative of -c**4/6 - c**2. Calculate the remainder when t is divided by i(-2).
7
Let u be 1/(62/(-30) - -2). Suppose 19 = 2*o - 5. Calculate the remainder when (-342)/u + 2/10 is divided by o.
11
What is the remainder when (36/10)/((-2)/(-25)) is divided by 16?
13
Let x(u) = -37*u**3 + u**2 - u - 1. Let f = -17 - -16. Calculate the remainder when x(f) is divided by 10.
8
Let r = 59 - 4. Let u = 80 - r. What is the remainder when u is divided by 13?
12
Suppose -152 + 57 = -5*u. Let a = -763 - -817. Calculate the remainder when a is divided by u.
16
Suppose -4*h + 2*g + 8 = 0, -5*g - 16 = -g. Suppose 0 = -2*u - h*u + 14. Suppose -22 - u = -v. Calculate the remainder when v is divided by 15.
14
Let s(d) = d**3 - d**2 - d + 8. Let t be s(0). Suppose -2*k - 26 = -4*k. Calculate the remainder when (50/4)/(4/t) is divided by k.
12
Let o(z) = z**3 - 4*z**2 - 7*z - 7. What is the remainder when o(6) is divided by 6?
5
Let t(p) = 1 - 2*p + 0 + 0*p**2 + 6*p**2 + 3*p. Calculate the remainder when 23 is divided by t(-1).
5
Suppose -4*d = 2*m + 8, 0*m - 2*m = 5*d + 10. Suppose 2*n - 3*l - 27 = m, 3*n = 6*n + l - 13. Calculate the remainder when n is divided by 2.
0
Let j(o) = 3*o**3 - 3*o**2 + 4*o + 6. Let g(n) = 2*n**3 - 4*n**2 + 5*n + 5. Let x(w) = 4*g(w) - 3*j(w). Calculate the remainder when 5 is divided by x(-8).
1
Suppose -u + 80 = 4*m, 4*m = 3*u - 7 + 71. What is the remainder when 72 is divided by m?
15
Suppose -5*i + 10*i = 55. Calculate the remainder when 14 is divided by i.
3
Let d(b) = b**3 + 9*b**2 - 12*b + 12. What is the remainder when 61 is divided by d(-10)?
29
Suppose 3*w + 3*g = 36, -2*w + 72 = 3*w + g. Suppose -4*o + 0*o = -5*c - 196, 0 = -2*o - 2*c + 80. Calculate the remainder when o is divided by w.
14
Let l(w) = -w**3 + 12*w**2 - 6*w + 18. What is the remainder when l(10) is divided by 40?
38
Suppose h - 28 = 1. Let o be (-2)/(-3) - 91/(-3). Let j = o + -21. Calculate the remainder when h is divided by j.
9
Let d = 124 - 74. What is the remainder when d is divided by 9?
5
Suppose -j - 2*k = 2, 5*j = 2*k + 27 + 23. Calculate the remainder when 45 is divided by j.
5
Suppose 0 = -n - 3*q - 30 + 6, n + 42 = 3*q. Let j = 47 + n. What is the remainder when j is divided by -5 - 0 - -3 - -7?
4
Suppose 4 + 1 = b. Let d(m) = -m + 5. Let f be d(5). Suppose f = 4*p - 9*p + 65. What is the remainder when p is divided by b?
3
Suppose 0 = -m - 12 + 25. What is the remainder when m is divided by 8?
5
Suppose -q + 87 = -4*q. Let g = q - -44. What is the remainder when 58 is divided by g?
13
Suppose 3*l + 3*u = 149 + 109, -5*l + 4*u = -394. What is the remainder when l is divided by 21?
19
Suppose 0 = -5*u + 10 - 0. Calculate the remainder when 38 is divided by (-1)/(-1) - (-14 + u).
12
Let s = 40 + -13. What is the remainder when s is divided by (-2)/((-2)/(-20)*-2)?
7
Let f(p) = p**3 + 5*p**2 + 7. Suppose z + 2 = 6, 0 = -d - 3*z + 7. Let k be f(d). What is the remainder when (-117)/(-7) + 2/k is divided by 6?
5
Let u(d) = 44*d**3 - 2*d**2 + 2*d - 1. Calculate the remainder when u(1) is divided by 9 + 5 + (-1)/((-2)/(-6)).
10
Calculate the remainder when 21 is divided by 111/9 - 2/6.
9
Let s(t) = -2*t + 2. Let g be s(2). What is the remainder when 23 is divided by g + (3 - (3 + -10))?
7
Let h(j) = j**2 + 6*j - 11. Let w be h(-8). Suppose -10 = -n - 4*c, 0 = -w*n - 3*c + 62 + 5. What is the remainder when 54 is divided by n?
12
Suppose 2*x = -2*j + 34, 4*j + 8*x - 9*x = 68. Suppose 3*o - 9 = 0, -35 = -5*b - o + 18. What is the remainder when j is divided by b?
7
Let d(l) = l**2 - l - 3. Calculate the remainder when d(-7) is divided by 14.
11
Suppose 10*h + 3*g - 17 = 5*h, -4*g = -5*h + 24. Let l = -13 + 16. Suppose l*w - 12 = w. What is the remainder when w is divided by h?
2
Suppose 3*o - 3*g - 24 = g, o + 3*g + 5 = 0. Let a be (-2 - (-30)/o)*-2. Let k = a + 35. Calculate the remainder when k is divided by 13.
11
Let d(h) = -12*h + 5. Calculate the remainder when d(-4) is divided by 19.
15
Suppose 0 = s - 4*s - 2*x + 140, 5*x = 20. Suppose -s = -2*w + 3*y - 2*y, 5*w - 2*y = 111. Calculate the remainder when w is divided by 13.
10
Suppose 4*f - 29 = 3*b, -5*b + 30 + 6 = f. Suppose -n = n + 3*l + 3, -l - f = -n. Calculate the remainder when n is divided by 2.
0
Let q = 2 + -3. Let n = 3 - q. What is the remainder when n is divided by 1/(-2) + (-45)/(-18)?
0
Let u = -128 - -141. Calculate the remainder when 18 is divided by u.
5
Let h = 8 + -6. Let j = h - -10. Suppose 3*o - 8*o = q - 228, 2*o = 2*q + 84. What is the remainder when o is divided by j?
9
Let u be (-7)/((-7)/78) - 2. Suppose 0 = -5*k + k + u. Suppose 30 = -5*o + 80. Calculate the remainder when k is divided by o.
9
Let m(h) = -h**3 + 7*h**2 + 8. Calculate the remainder when 14 is divided by m(7).
6
Suppose 4*z = 5*z - 5. Suppose 2*c = 25 + 11. Calculate the remainder when c is divided by z.
3
Let j = -86 + 52. Let m = -18 - j. What is the remainder when m is divided by (-2)/9 - (-11)/((-495)/(-280))?
4
Suppose -3*t = -t. Suppose 0*a + 2*a - 4 = t. Let u(w) = w**3 + w**2 + 5. Calculate the remainder when u(0) is divided by a.
1
Let g = 3 + 0. Suppose -3*z = -3*u + 3, u + 11 = 4*z - g. Calculate the remainder when 3 is divided by 2/(2/u*2).
0
Let r(g) = g - 2. Let w be r(7). Let m(t) = 3*t - 7. What is the remainder when m(5) is divided by -15*(-2 + w/3)?
3
Suppose -3*w = -7*w - 8. What is the remainder when 46 is divided by (3 - 43)*w/5?
14
Suppose -6 = 4*j - 14. Let r(i) = i - 1. Let s(h) = 1. Let d(t) = 6*r(t) + 7*s(t). Calculate the remainder when d(j) is divided by 5.
3
Let c = 31 - 5. Suppose -4*q + c = -2*q. Calculate the remainder when 51 is divided by q.
12
Suppose -6*p + p = -3*r - 25, 0 = -5*r - 4*p + 20. Suppose d + 0*d - 2 = r. Let j = 3 + d. What is the remainder when 19 is divided by j?
4
Let b be 2/9 - (-646)/9. Suppose 2*g - 6*g + b = 0. Let c = -6 + 59. Calculate the remainder when c is divided by g.
17
Suppose -2*s = 2*s - 76. What is the remainder when 72 is divided by s?
15
Let u(z) = 2*z + 8. Calculate the remainder when u(5) is divided by 7.
4
Suppose -59 = -4*g - 27. Calculate the remainder when 53 is divided by g.
5
What is the remainder when (7/(-28))/((-1)/412) is divided by 21?
19
Let z be (-1 - -1 - 1)*-12. Let n = 23 - z. What is the remainder when n is divided by 3?
2
Let c = 5 + 32. Calculate the remainder when c is divided by 19.
18
Let u = -153 + 272. Suppose 0 = 3*m + 23 - u. Let d(h) = 12*h**2 - 2*h - 3. What is the remainder when m is divided by d(-1)?
10
Suppose -r - 84 + 597 = 3*q, 0 = 3*q + 5*r - 501. Calculate the remainder when q is divided by 44.
40
Suppose -q - 2 = -2*q. What is the remainder when 52 is divided by 3/(1/12*q)?
16
Let v(x) = x**3 - 5*x**2 - 6*x. Let n be v(6). Suppose 5*u = -3*a - 4, n = -0*a + 3*a + u - 16. Calculate the remainder when 13 is divided by a.
6
Let x(l) = -l**3 + 7*l**2 - 7*l - 5. What is the remainder when 37 is divided by x(5)?
7
Let y(t) = -t**2 - 6*t - 3. Let f be y(-4). Let k be (2/f)/((-2)/(-20)). What is the remainder when 24 is divided by (39/6)/(2/k)?
11
Suppose 0*w = w - 69. Let k(m) = -11*m + 156. What is the remainder when w is divided by k(12)?
21
Let s = 63 - 41. Calculate the remainder when (-1)/(-1*2/s) is divided by 4.
3
Let w = 224 - 99. Let g = -29 - -61. Calculate the remainder when w is divided by g.
29
Suppose 5*u - 8 = 7. Suppose 0*f - 57 = -u*f. Suppose h + 40 = 5*r + 6*h, 3*r - 5*h = 16. What is the remainder when f is divided by r?
5
Suppose 4*h + 5*n = 3 + 28, h - 16 = -4*n. Calculate the remainder when 19 is divided by h.
3
Let q = -2 - -9. Suppose -4*o = -9 - q. Calculate the remainder when (5/(-2))/(3/(-18)) is divided by o.
3
Suppose 2*f = 3*j + 38, f + j - 1 = -2*j. 